{"id":21,"date":"2018-12-18T16:24:58","date_gmt":"2018-12-18T15:24:58","guid":{"rendered":"http:\/\/diving.evolutiontravel.it\/infovacanze\/?page_id=21"},"modified":"2019-04-01T10:11:41","modified_gmt":"2019-04-01T08:11:41","slug":"filippine","status":"publish","type":"page","link":"https:\/\/diving.evolutiontravel.it\/infovacanze\/dove-fare-immersioni\/filippine\/","title":{"rendered":"Diving alle Filippine"},"content":{"rendered":"<p>Le <strong>Filippine <\/strong>sono la <strong>meta ideale per fare immersioni<\/strong>grazie alle ottime condizion meteo e del mare. Infatti il tratto di mare, protetto dalla <strong>vicina isola di Negros<\/strong>, \u00e8 sempre calmo e nel periodo migliore la trasparenza dell&#8217;acqua consente <strong>fino a 25 metri di visibilit\u00e0<\/strong>.<\/p>\n<p>E&#8217; un posto speciale per osservare la vita marina della barriera e fare <strong>fotografia subacquea<\/strong>. Qui gorgonie, grandi spugne, alcionari accompagnano il sub lungo i quasi<strong> 20 km di reef costiero<\/strong>, e non mancano gli incontri con cavallucci dalle strane forme e piccoli gamberetti dal corpo quasi invisibile.<\/p>\n<div id=\"attachment_65\" style=\"width: 310px\" class=\"wp-caption alignleft\"><img loading=\"lazy\" decoding=\"async\" aria-describedby=\"caption-attachment-65\" class=\"wp-image-65 size-medium\" src=\"https:\/\/diving.evolutiontravel.it\/infovacanze\/wp-content\/uploads\/sites\/32\/2018\/12\/Bohol-filippine-300x225.jpg\" alt=\"Bohol\" width=\"300\" height=\"225\" srcset=\"https:\/\/diving.evolutiontravel.it\/infovacanze\/wp-content\/uploads\/sites\/32\/2018\/12\/Bohol-filippine-300x225.jpg 300w, https:\/\/diving.evolutiontravel.it\/infovacanze\/wp-content\/uploads\/sites\/32\/2018\/12\/Bohol-filippine.jpg 714w\" sizes=\"(max-width: 300px) 100vw, 300px\" \/><p id=\"caption-attachment-65\" class=\"wp-caption-text\"><strong>Bohol<\/strong><\/p><\/div>\n<p><strong>Le isole di Cebu e Bohol<\/strong>, a nord di Mindanao e parte dell&#8217;<strong>arcipelago delle Visayas<\/strong>, sono luoghi eccezionali per l&#8217;osservazione dell&#8217;ambiente sommerso.<\/p>\n<p><strong>Bohol<\/strong>, con capoluogo Tagbilaran, \u00e8 l&#8217;isola pi\u00f9 centrale, qui potete fare immersioni tra diversi itinerari tra i quali quelli di <strong>Panglao<\/strong> sono soltanto il punto di partenza.<\/p>\n<p>Poco pi\u00f9 di un&#8217;ora di barca dividono Bohol<strong> dall&#8217;isola di Balicasag<\/strong> i cui fondali marini sono in una riserva controllata, qui si possono incontrare pesce di passo, barracuda e squali.<\/p>\n<p>C&#8217;\u00e8 poi <strong>l\u2019isola di Mindoro<\/strong>, a circa 150 km a sud di Manila: la baia \u00e8 diventata una tappa quasi obligatoria per chi ama fare questa attivit\u00e0 sportiva. Particolarmente interessante \u00e8 San Jos\u00e9 dove, sulla spiaggia di <strong>Sando Beach<\/strong>, le tartarughe vanno a deporre le uova.<\/p>\n<p>Per fare diving in questi posti consigliamo il periodo che va <strong>da novembre a maggio<\/strong>, la temperatura esterna varia tra i 25\u00b0C ed i 35\u00b0C e quella del mare, gradevole, tra 27-29\u00b0C.<\/p>\n<p>Oltre al mare dedicate del tempo anche nello <strong>scoprire il territorio interno collinare<\/strong>. Potrete scoprire le numerose le <strong>sorgenti termali, grotte e cascate<\/strong> e poi tornare a sud, per un altro tuffo nel mare!<\/p>\n<p style=\"text-align: center\"><strong>Isola di Cebu<\/strong><\/p>\n<p><img loading=\"lazy\" decoding=\"async\" class=\"wp-image-62 size-full aligncenter\" src=\"https:\/\/diving.evolutiontravel.it\/infovacanze\/wp-content\/uploads\/sites\/32\/2018\/12\/cebu-filippine.jpg\" alt=\"Cebu\" width=\"770\" height=\"424\" srcset=\"https:\/\/diving.evolutiontravel.it\/infovacanze\/wp-content\/uploads\/sites\/32\/2018\/12\/cebu-filippine.jpg 770w, https:\/\/diving.evolutiontravel.it\/infovacanze\/wp-content\/uploads\/sites\/32\/2018\/12\/cebu-filippine-300x165.jpg 300w, https:\/\/diving.evolutiontravel.it\/infovacanze\/wp-content\/uploads\/sites\/32\/2018\/12\/cebu-filippine-768x423.jpg 768w\" sizes=\"(max-width: 770px) 100vw, 770px\" \/><\/p>\n<h3><\/h3>\n<h3 style=\"text-align: center\"><span style=\"color: #008000\">DIVING nelle Filippine<br \/>\n<\/span>Ultime offerte della settimana<\/h3>\n<p style=\"text-align: center\"><span style=\"color: #008000\"><strong>IN UN SOLO CLICK SCOPRI:<\/strong> <span style=\"color: #000000\"><strong>programma<\/strong> viaggio, <strong>foto<\/strong>, <strong>opinioni<\/strong> sui viaggi e molto altro!<\/span><strong><br \/>\n<\/strong><\/span><\/p>\n<div class=\"feedzy-cf3abb5b9a6833907f0b2e828a055afa feedzy-rss\">\n\t\t<ul class=\"feedzy-style2\">\n\t\t\t\t\t<li  style=\"padding: 23px 0 38px\" class=\"rss_item feedzy-rss-col-2\" >\n\t\t\t\t\t\t\t\t\t<div class=\"rss_image\" style=\"width:225px; height:225px;\">\n\t\t\t\t\t\t<a href=\"https:\/\/diving.evolutiontravel.it\/it_IT\/965\/tab\/1155_exotic-island-dive-beach-resort-3-stelle.html\" target=\"_blank\" \n\t\t\t\t\t\t\trel=\"noopener \"\n\t\t\t\t\t\t\ttitle=\"Exotic Island Dive &amp; Beach Resort 3 stelle\"\n\t\t\t\t\t\t\tstyle=\"width:225px; height:225px;\">\n\t\t\t\t\t\t\t<span class=\"fetched\" style=\"background-image:  url('http:\/\/etcdn.net\/thumbnails\/1155\/it-malapascua-exotic-island-dive-beach-resort-3-stelle-4ccf2.jpg');\" title=\"Exotic Island Dive &amp; Beach Resort 3 stelle\"><\/span><amp-img width=\"225\" height=\"225\" src=\"http:\/\/etcdn.net\/thumbnails\/1155\/it-malapascua-exotic-island-dive-beach-resort-3-stelle-4ccf2.jpg\">\t\t\t\t\t\t<\/a>\n\t\t\t\t\t<\/div>\n\t\t\t\t\t\t\t\t<div class=\"rss_content_wrap\">\n\t\t\t\t\t<span class=\"title\">\n\t\t\t\t\t\t<a href=\"https:\/\/diving.evolutiontravel.it\/it_IT\/965\/tab\/1155_exotic-island-dive-beach-resort-3-stelle.html\" target=\"_blank\"  rel=\"noopener \">\n\t\t\t\t\t\t\tExotic Island Dive &amp; Beach Resort 3 stelle\t\t\t\t\t\t<\/a>\n\t\t\t\t\t<\/span>\n\t\t\t\t\t<div class=\"rss_content\"\n\t\t\t\t\t\t\tstyle=\"\">\n\t\t\t\t\t\t\n\t\t\t\t\t\t\t\t\t\t\t\t<p class=\"description\">L'isola di\u00a0Malapascua,\u00a0una nuova ed incontaminata frontiera per le immersioni alle Filippine,\u00a0si trova a 8 km a Nord-Est [&hellip;]<\/p>\n\t\t\t\t\t\t\n\t\t\t\t\t\t\t\t\t\t\t\t\t\t\t\t\t\t\t<div class=\"price-wrap\">\n\t\t\t\t\t\t\t\t<a href=\"https:\/\/diving.evolutiontravel.it\/it_IT\/965\/tab\/1155_exotic-island-dive-beach-resort-3-stelle.html\" target=\"_blank\" rel=\"noopener\"><button class=\"price\"> 754<\/button><\/a>\n\t\t\t\t\t\t\t<\/div>\n\t\t\t\t\t\t\t\t\t\t\t<\/div>\n\t\t\t\t<\/div>\n\t\t\t<\/li>\n\t\t\t\t<\/ul>\n<\/div>\n<style type=\"text\/css\" media=\"all\">.feedzy-rss .rss_item .rss_image{float:left;position:relative;border:none;text-decoration:none;max-width:100%}.feedzy-rss .rss_item .rss_image span{display:inline-block;position:absolute;width:100%;height:100%;background-position:50%;background-size:cover}.feedzy-rss .rss_item .rss_image{margin:.3em 1em 0 0;content-visibility:auto}.feedzy-rss ul{list-style:none}.feedzy-rss ul li{display:inline-block}<\/style>\n<p>&nbsp;<\/p>\n","protected":false},"excerpt":{"rendered":"<p>Le Filippine sono la meta ideale per fare immersionigrazie alle ottime condizion meteo e del mare. Infatti il tratto di mare, protetto dalla vicina isola di Negros, \u00e8 sempre calmo e nel periodo migliore la trasparenza dell&#8217;acqua consente fino a 25 metri di visibilit\u00e0. E&#8217; un posto speciale per osservare la vita marina della barriera <a class=\"moretag\" href=\"https:\/\/diving.evolutiontravel.it\/infovacanze\/dove-fare-immersioni\/filippine\/\">[&#8230;]<\/a><\/p>\n","protected":false},"author":6,"featured_media":0,"parent":15,"menu_order":0,"comment_status":"closed","ping_status":"closed","template":"templates\/template-with-right-sidebar.php","meta":{"footnotes":""},"yoast_head":"<!-- This site is optimized with the Yoast SEO plugin v21.9.1 - https:\/\/yoast.com\/wordpress\/plugins\/seo\/ -->\n<title>Immersioni Filippine: Cebu, Bohol e non solo - Diving.evolutiontravel.it<\/title>\n<meta name=\"description\" content=\"Ecco dove fare immersioni nelle Filippine: scopri con noi i posti pi\u00f9 suggestivi dove immergersi nel mare e fare incontri straordinari!\" \/>\n<meta name=\"robots\" content=\"index, follow, max-snippet:-1, max-image-preview:large, max-video-preview:-1\" \/>\n<link rel=\"canonical\" href=\"https:\/\/diving.evolutiontravel.it\/infovacanze\/dove-fare-immersioni\/filippine\/\" \/>\n<meta property=\"og:locale\" content=\"it_IT\" \/>\n<meta property=\"og:type\" content=\"article\" \/>\n<meta property=\"og:title\" content=\"Immersioni Filippine: Cebu, Bohol e non solo - Diving.evolutiontravel.it\" \/>\n<meta property=\"og:description\" content=\"Ecco dove fare immersioni nelle Filippine: scopri con noi i posti pi\u00f9 suggestivi dove immergersi nel mare e fare incontri straordinari!\" \/>\n<meta property=\"og:url\" content=\"https:\/\/diving.evolutiontravel.it\/infovacanze\/dove-fare-immersioni\/filippine\/\" \/>\n<meta property=\"og:site_name\" content=\"Diving\" \/>\n<meta property=\"article:modified_time\" content=\"2019-04-01T08:11:41+00:00\" \/>\n<meta property=\"og:image\" content=\"https:\/\/diving.evolutiontravel.it\/infovacanze\/wp-content\/uploads\/sites\/32\/2018\/12\/Bohol-filippine-300x225.jpg\" \/>\n<meta name=\"twitter:card\" content=\"summary_large_image\" \/>\n<meta name=\"twitter:label1\" content=\"Tempo di lettura stimato\" \/>\n\t<meta name=\"twitter:data1\" content=\"2 minuti\" \/>\n<script type=\"application\/ld+json\" class=\"yoast-schema-graph\">{\"@context\":\"https:\/\/schema.org\",\"@graph\":[{\"@type\":\"WebPage\",\"@id\":\"https:\/\/diving.evolutiontravel.it\/infovacanze\/dove-fare-immersioni\/filippine\/\",\"url\":\"https:\/\/diving.evolutiontravel.it\/infovacanze\/dove-fare-immersioni\/filippine\/\",\"name\":\"Immersioni Filippine: Cebu, Bohol e non solo - Diving.evolutiontravel.it\",\"isPartOf\":{\"@id\":\"https:\/\/diving.evolutiontravel.it\/infovacanze\/#website\"},\"datePublished\":\"2018-12-18T15:24:58+00:00\",\"dateModified\":\"2019-04-01T08:11:41+00:00\",\"description\":\"Ecco dove fare immersioni nelle Filippine: scopri con noi i posti pi\u00f9 suggestivi dove immergersi nel mare e fare incontri straordinari!\",\"breadcrumb\":{\"@id\":\"https:\/\/diving.evolutiontravel.it\/infovacanze\/dove-fare-immersioni\/filippine\/#breadcrumb\"},\"inLanguage\":\"it-IT\",\"potentialAction\":[{\"@type\":\"ReadAction\",\"target\":[\"https:\/\/diving.evolutiontravel.it\/infovacanze\/dove-fare-immersioni\/filippine\/\"]}]},{\"@type\":\"BreadcrumbList\",\"@id\":\"https:\/\/diving.evolutiontravel.it\/infovacanze\/dove-fare-immersioni\/filippine\/#breadcrumb\",\"itemListElement\":[{\"@type\":\"ListItem\",\"position\":1,\"name\":\"Home\",\"item\":\"https:\/\/diving.evolutiontravel.it\/infovacanze\/\"},{\"@type\":\"ListItem\",\"position\":2,\"name\":\"Dove fare immersioni\",\"item\":\"https:\/\/diving.evolutiontravel.it\/infovacanze\/dove-fare-immersioni\/\"},{\"@type\":\"ListItem\",\"position\":3,\"name\":\"Diving alle Filippine\"}]},{\"@type\":\"WebSite\",\"@id\":\"https:\/\/diving.evolutiontravel.it\/infovacanze\/#website\",\"url\":\"https:\/\/diving.evolutiontravel.it\/infovacanze\/\",\"name\":\"Diving\",\"description\":\"\",\"potentialAction\":[{\"@type\":\"SearchAction\",\"target\":{\"@type\":\"EntryPoint\",\"urlTemplate\":\"https:\/\/diving.evolutiontravel.it\/infovacanze\/?s={search_term_string}\"},\"query-input\":\"required name=search_term_string\"}],\"inLanguage\":\"it-IT\"}]}<\/script>\n<!-- \/ Yoast SEO plugin. -->","yoast_head_json":{"title":"Immersioni Filippine: Cebu, Bohol e non solo - Diving.evolutiontravel.it","description":"Ecco dove fare immersioni nelle Filippine: scopri con noi i posti pi\u00f9 suggestivi dove immergersi nel mare e fare incontri straordinari!","robots":{"index":"index","follow":"follow","max-snippet":"max-snippet:-1","max-image-preview":"max-image-preview:large","max-video-preview":"max-video-preview:-1"},"canonical":"https:\/\/diving.evolutiontravel.it\/infovacanze\/dove-fare-immersioni\/filippine\/","og_locale":"it_IT","og_type":"article","og_title":"Immersioni Filippine: Cebu, Bohol e non solo - Diving.evolutiontravel.it","og_description":"Ecco dove fare immersioni nelle Filippine: scopri con noi i posti pi\u00f9 suggestivi dove immergersi nel mare e fare incontri straordinari!","og_url":"https:\/\/diving.evolutiontravel.it\/infovacanze\/dove-fare-immersioni\/filippine\/","og_site_name":"Diving","article_modified_time":"2019-04-01T08:11:41+00:00","og_image":[{"url":"https:\/\/diving.evolutiontravel.it\/infovacanze\/wp-content\/uploads\/sites\/32\/2018\/12\/Bohol-filippine-300x225.jpg"}],"twitter_card":"summary_large_image","twitter_misc":{"Tempo di lettura stimato":"2 minuti"},"schema":{"@context":"https:\/\/schema.org","@graph":[{"@type":"WebPage","@id":"https:\/\/diving.evolutiontravel.it\/infovacanze\/dove-fare-immersioni\/filippine\/","url":"https:\/\/diving.evolutiontravel.it\/infovacanze\/dove-fare-immersioni\/filippine\/","name":"Immersioni Filippine: Cebu, Bohol e non solo - Diving.evolutiontravel.it","isPartOf":{"@id":"https:\/\/diving.evolutiontravel.it\/infovacanze\/#website"},"datePublished":"2018-12-18T15:24:58+00:00","dateModified":"2019-04-01T08:11:41+00:00","description":"Ecco dove fare immersioni nelle Filippine: scopri con noi i posti pi\u00f9 suggestivi dove immergersi nel mare e fare incontri straordinari!","breadcrumb":{"@id":"https:\/\/diving.evolutiontravel.it\/infovacanze\/dove-fare-immersioni\/filippine\/#breadcrumb"},"inLanguage":"it-IT","potentialAction":[{"@type":"ReadAction","target":["https:\/\/diving.evolutiontravel.it\/infovacanze\/dove-fare-immersioni\/filippine\/"]}]},{"@type":"BreadcrumbList","@id":"https:\/\/diving.evolutiontravel.it\/infovacanze\/dove-fare-immersioni\/filippine\/#breadcrumb","itemListElement":[{"@type":"ListItem","position":1,"name":"Home","item":"https:\/\/diving.evolutiontravel.it\/infovacanze\/"},{"@type":"ListItem","position":2,"name":"Dove fare immersioni","item":"https:\/\/diving.evolutiontravel.it\/infovacanze\/dove-fare-immersioni\/"},{"@type":"ListItem","position":3,"name":"Diving alle Filippine"}]},{"@type":"WebSite","@id":"https:\/\/diving.evolutiontravel.it\/infovacanze\/#website","url":"https:\/\/diving.evolutiontravel.it\/infovacanze\/","name":"Diving","description":"","potentialAction":[{"@type":"SearchAction","target":{"@type":"EntryPoint","urlTemplate":"https:\/\/diving.evolutiontravel.it\/infovacanze\/?s={search_term_string}"},"query-input":"required name=search_term_string"}],"inLanguage":"it-IT"}]}},"_links":{"self":[{"href":"https:\/\/diving.evolutiontravel.it\/infovacanze\/wp-json\/wp\/v2\/pages\/21"}],"collection":[{"href":"https:\/\/diving.evolutiontravel.it\/infovacanze\/wp-json\/wp\/v2\/pages"}],"about":[{"href":"https:\/\/diving.evolutiontravel.it\/infovacanze\/wp-json\/wp\/v2\/types\/page"}],"author":[{"embeddable":true,"href":"https:\/\/diving.evolutiontravel.it\/infovacanze\/wp-json\/wp\/v2\/users\/6"}],"replies":[{"embeddable":true,"href":"https:\/\/diving.evolutiontravel.it\/infovacanze\/wp-json\/wp\/v2\/comments?post=21"}],"version-history":[{"count":11,"href":"https:\/\/diving.evolutiontravel.it\/infovacanze\/wp-json\/wp\/v2\/pages\/21\/revisions"}],"predecessor-version":[{"id":229,"href":"https:\/\/diving.evolutiontravel.it\/infovacanze\/wp-json\/wp\/v2\/pages\/21\/revisions\/229"}],"up":[{"embeddable":true,"href":"https:\/\/diving.evolutiontravel.it\/infovacanze\/wp-json\/wp\/v2\/pages\/15"}],"wp:attachment":[{"href":"https:\/\/diving.evolutiontravel.it\/infovacanze\/wp-json\/wp\/v2\/media?parent=21"}],"curies":[{"name":"wp","href":"https:\/\/api.w.org\/{rel}","templated":true}]}}